n?
53
Let j = 22 - 4. List the prime factors of j.
2, 3
Let d(r) = r**3 - 4*r**2 - 6*r + 8. List the prime factors of d(7).
113
Suppose 4*q - 27 = 5*b, 6 = -q + 6*q + 3*b. Let s(f) = 12 - f - f**2 + f + f + f**q + 0*f**2. List the prime factors of s(0).
2, 3
Let q be (-106)/(-22) - 2/(-11). Suppose 31 = 2*y - 8*s + 5*s, 0 = q*s + 5. What are the prime factors of y?
2, 7
Suppose -5*j + 0*j - 47 = 3*r, -5*j - 31 = -r. Let h(g) = g**3 + 6*g**2 - 9*g - 9. What are the prime factors of h(j)?
5
Let v = -80 + 113. What are the prime factors of v?
3, 11
What are the prime factors of (392/(-24) + 3)/((-4)/30)?
2, 5
Let d(a) be the third derivative of 11*a**5/30 - a**3/6 - a**2. What are the prime factors of d(1)?
3, 7
Let c = 18 - -59. List the prime factors of c.
7, 11
Suppose -2*s - 4*s + 444 = 0. List the prime factors of s.
2, 37
Let b(u) = 24*u + 10. Let h be b(-3). Let v = -32 - h. What are the prime factors of v?
2, 3, 5
Suppose -4*m = 4*f - 32, 3*m + 39 = -0*f + 4*f. What are the prime factors of f?
3
Let r be (1 - (-5)/(-4))*-124. Suppose r = 3*c - 2*c. What are the prime factors of c?
31
Let i(k) be the third derivative of -k**5/60 + k**4/3 - 2*k**3/3 + k**2. Suppose 4*p - 38 = 2*c - 0, -3*p = 2*c - 11. What are the prime factors of i(p)?
3
Suppose -4*h + 0*h - 5*u + 32 = 0, 0 = -5*h + 3*u + 3. List the prime factors of h*(0/(-3) + 1).
3
Let h = 10 + -7. Suppose 6*q - h*q - 69 = 0. What are the prime factors of q?
23
Suppose -2*b - 4*o = -32, 2*b + 3*o = 8*o + 59. Suppose 2 = 2*r - b. What are the prime factors of r?
2, 3
What are the prime factors of -10*((-108)/(-20) - 2)*-4?
2, 17
Suppose 0 = 4*u - 9*u + 130. List the prime factors of u.
2, 13
Suppose t - 5 = 3*w, -14 = 5*t - 4*w - 39. Suppose -2*b - 23 = -t*c + 2*b, -4*c = -3*b - 18. Let d = c + 1. What are the prime factors of d?
2
Let p(l) = l**2 + l - 10. List the prime factors of p(-6).
2, 5
Let i be 1/1*176/4. Suppose 3*s - i = -s. What are the prime factors of s?
11
Let d(n) = -n**3 + 2*n**3 + 9*n + 2*n**3 - 7*n**2 - 2*n**3. List the prime factors of d(6).
2, 3
Let h = 5 + -46. Let c = h + 71. Suppose 0*z - 3*z = -c. What are the prime factors of z?
2, 5
Let x = 36 + -22. Suppose x = 10*n - 9*n. What are the prime factors of n?
2, 7
Let t(n) = 4*n**2 + 4*n + 3. Let a be t(-2). Let m = -7 + a. Suppose -u + m = u. What are the prime factors of u?
2
What are the prime factors of (-4)/3*(-66)/4?
2, 11
Let l(x) = 5 - x**2 + 6*x - 5. Let s be l(6). Suppose s = -2*q - 0*q + 6. What are the prime factors of q?
3
Let o = 36 + -17. What are the prime factors of o?
19
Suppose 24 = -m + 3*m. Let d be (-6)/4 + 5/10. What are the prime factors of 3/(d - m/(-9))?
3
Suppose -3*z + 3 = -9. What are the prime factors of z?
2
Let w = -17 - -54. What are the prime factors of w?
37
Suppose 18*o - 16*o - 358 = 0. List the prime factors of o.
179
Let v(y) = 28*y**2 - y + 2. List the prime factors of v(1).
29
Let s(y) = -20*y - 7. Let v be s(-7). Let g = v - 78. List the prime factors of g.
5, 11
Let t(m) = m**2 + 6*m - 2. Let c be t(-6). What are the prime factors of c/(-3) - (-26)/6?
5
Let b(h) = 32*h**3. Let i be b(1). List the prime factors of (i/(-12) - 3)*-3.
17
Suppose t + 127 = -4*r + 19, 4*t + 27 = -r. Let z = -9 + r. What are the prime factors of (z/(-10))/((-6)/(-20))?
2, 3
Let j be (-244)/(-6) - 6/9. Let p be (9/(-6))/((-6)/(-104)). Let x = p + j. List the prime factors of x.
2, 7
Suppose 12 = 4*b, -3*v + 3*b - 123 = -0*v. Let y = 7 + 46. Let g = y + v. What are the prime factors of g?
3, 5
Let x(z) = -z**3 + 4*z**2 - 5*z + 1. Let t be x(4). Let l = 32 + t. List the prime factors of l.
13
Let g be 95/2*54/45. Suppose -2*x + g = x. What are the prime factors of x?
19
Suppose -9 = 3*a - 24. List the prime factors of (-12)/a*(-120)/18.
2
Suppose 0 = -5*r - 2*q + 62, 0 = r - 3*q - 9 - 0. List the prime factors of (r/(-1))/(-1 - 0).
2, 3
List the prime factors of 0 - 3/((-15)/25).
5
Suppose 0 = -2*c - 0*s + 2*s - 4, -5*s + 26 = 3*c. What are the prime factors of (-5)/(15/(-24))*c?
2
Suppose 3*k - 7 - 5 = 0. Suppose 0*h - 52 = -k*h. List the prime factors of h.
13
Let k(g) = -g**2 - 9*g - 9. Let b(d) = 2*d**2 + 17*d + 17. Let c(l) = 3*b(l) + 5*k(l). What are the prime factors of c(-6)?
2, 3
Let h be -13 - (-1 - (4 + -7)). What are the prime factors of 20/(-6)*216/h?
2, 3
Let l = 11 + 7. List the prime factors of l.
2, 3
Suppose -n + 5 = -8. Suppose -3*c = -o - n, 4*o - 23 = -2*c - c. Suppose -o*t + l + 26 = t, -l = t - 6. List the prime factors of t.
2
Let p = -10 - -56. List the prime factors of p.
2, 23
Let n be (-1)/(-2) + 20/8. Let x = 1 + n. List the prime factors of x.
2
Suppose b = -b + 132. Suppose -3*z + 3 = -b. List the prime factors of z.
23
Suppose -4*p + 13 = 2*y - 7, -2*p = 5*y - 18. Let w = 27 - y. What are the prime factors of w?
5
Let j(c) = 20*c**2 + 3*c - 2. What are the prime factors of j(1)?
3, 7
Let i(k) = 3*k**2 + k + 4. What are the prime factors of i(-4)?
2, 3
Let d(l) = -l**3 + 2*l**2 + l. Let a = 8 + -4. Suppose 4*q = -q - u, a*q + u - 1 = 0. List the prime factors of d(q).
2
Let v(j) = j**2 - 5*j + 3. Let r be v(2). Let c = 2 - r. What are the prime factors of c + 0 - 3/3?
2
Let j(h) = h**2 - 2*h - 3. Let d be j(3). Suppose 2*p = -d*p - 3*r - 20, 2*p + 4*r + 24 = 0. List the prime factors of (21/12)/((-1)/p).
7
Suppose -2*t - 8 - 6 = 0. Let b be (-18)/(-14) + 2/t. List the prime factors of (13 - 2) + b - 1.
11
Let v(k) = k**3 + k**2 - 44. Let y be v(0). Let i = y + 65. List the prime factors of i.
3, 7
Suppose 0*k = k - 4. Suppose -k*m + 8 = -0. What are the prime factors of m?
2
List the prime factors of (-3 - 17/(-5)) + (-518)/(-5).
2, 13
Suppose 49 = 3*w - 74. List the prime factors of w.
41
Let y(g) = -g**3 - 4*g**2 + 6*g - 1. Let a be y(-5). Let x(z) = -z**2 - 7*z - 9. Let k be x(a). Let h = -1 - k. What are the prime factors of h?
2
Suppose 4 + 8 = 3*m. Suppose -2*g + 6*g + 72 = m*r, 4*r + 4*g = 48. What are the prime factors of r?
3, 5
Let w(c) = c**2 + 2. Let i be w(-3). Let t = i + -7. Suppose 4*y + 2*m - 49 = m, 0 = t*y + 5*m - 53. What are the prime factors of y?
2, 3
Suppose 0 = k + 2 + 26. Let c = k + 59. List the prime factors of c.
31
Suppose -15 = -m - 3*t + 8*t, -4*t = 2*m - 44. Let f = 12 + -12. Suppose 0 = -2*u - f*u + m. What are the prime factors of u?
2, 5
Suppose -435 = -2*m + c - 0*c, -1075 = -5*m + 5*c. What are the prime factors of m?
2, 5, 11
Suppose -2*v = b + 2 - 12, -5*v = -4*b - 25. What are the prime factors of v?
5
Let r be -1 + 3 + (1 - 4). Let i = 16 + r. What are the prime factors of i/2 - 2/(-4)?
2
List the prime factors of 135/4 + 6/24.
2, 17
Let q = 2 - 2. Suppose -3*t + 28 + 26 = q. Suppose -t = 5*m - 78. List the prime factors of m.
2, 3
Let f(j) = j**3 - 15*j**2 + 16*j + 16. What are the prime factors of f(14)?
2, 11
Suppose 0 = 4*v - y - 219 - 75, 3*v = 4*y + 214. What are the prime factors of v?
2, 37
Let t(c) = -11*c - 8. List the prime factors of t(-4).
2, 3
Let c = -22 - -48. Suppose -5*f - 5 = 0, u = -f - f + c. What are the prime factors of u?
2, 7
Let a(o) = -o + 2. Let f be a(8). Let y(p) = p**3 + 6*p**2 - p - 2. Let m be y(f). Suppose -5*l - 7 = 3*d - 68, 0 = m*l + d - 46. List the prime factors of l.
11
Suppose 4*m = 2*p + 8 - 24, m = -2*p - 9. Suppose 2*z = 4*y - 2*y - 10, -3*z - 5*y = 7. List the prime factors of (-2)/(-2) - (z - p).
3
Let f(y) = y + 7. Let j = 11 + -17. Let k be 15/(-6) + 3/j. What are the prime factors of f(k)?
2
Let y(r) = 6*r**2 + r - 2. Let u be y(-2). Suppose x - 24 = -2*b - 2, 0 = b + 5*x - u. List the prime factors of b.
2, 5
Let j(w) = -w**3 - 5*w**2 - 4*w + 15. What are the prime factors of j(-5)?
5, 7
Suppose 3*f + 2*f = 4*t + 371, 2*f = 3*t + 154. Suppose 0*p = 2*p + 2*k - 30, -k = 5*p - f. What are the prime factors of p?
2, 7
Let d(u) = 7*u**2 + 6*u + 1. Let o(j) = j**2 + j + 1. Let b(s) = d(s) - 6*o(s). List the prime factors of b(5).
2, 5
Let k(o) = o - 1. Let j be k(4). Let c be 0/1 + -1 + j. Suppose 0 + 27 = 3*x - c*n, n = 0. List the prime factors of x.
3
Let l(r) = r**2 - 9*r + 2. Let y be l(9). Suppose -y = -5*f + 18. Suppose 0 = f*i - 45 - 7. What are the prime factors of i?
13
Let l = -191 + 282. What are the prime factors of l?
7, 13
Let o(a) = a**3 - a + 1. Let y be o(-2).